 - 0*z - 4512. What is the units digit of z?
2
Let p(z) = 215*z - 196. What is the hundreds digit of p(15)?
0
Suppose -3*v - 16*v + 7600 = 0. What is the units digit of v?
0
Suppose 3897 = 5*z + w, 3*z - 533 - 1804 = -w. What is the units digit of z?
0
Let j be 6/24 + 237/12. What is the units digit of (-2*47)/(j/(-10))?
7
Suppose 3*w + 21 + 24 = -5*p, p - w = -1. Let t = p + 21. Suppose 5*s - 15 = -2*g + 16, 0 = -5*s + t. What is the units digit of g?
8
Suppose 3*s - h - 308 = 2, 5*s = -5*h + 550. Let y = -99 + s. What is the units digit of y?
6
Suppose 14*g + 4*w + 990 = 19*g, -3*g + 3*w + 597 = 0. What is the tens digit of g?
9
Let z(c) = 34*c - 5. Suppose 3*t = 2*r - 3, 3*t - t = 3*r - 7. Let d be z(r). Let f = d + -67. What is the tens digit of f?
3
Let g = 66 - 45. Suppose 6*w - 3*w - g = 0. Suppose -u + w + 24 = 0. What is the units digit of u?
1
Let x(v) = v + 2. Let y be x(-5). Let b(f) = -2*f + 2. Let r be b(y). Suppose -r*p = -9*p + 46. What is the units digit of p?
6
Suppose -4*y + 4 - 13 = 3*o, -12 = -4*y + 4*o. Suppose y = 3*k - 7*k - 44. What is the tens digit of (40/(-6))/(k/33)?
2
Suppose 0 = 47*d - 39*d - 10344. What is the units digit of d?
3
Suppose 39 + 3 = -3*p. Let f(h) = 11*h + 13*h + 16*h - 10 - 41*h. What is the units digit of f(p)?
4
Suppose -3087 = 12*a - 21*a. What is the tens digit of a?
4
Let g = -7 - -11. Suppose -2*p = -g*p + 6. Suppose p*v = -v + 16. What is the units digit of v?
4
Let h(c) = 2*c**2 - c - 3. Let y be h(0). Let k be 0/(3 - (-1 - y)). What is the units digit of 11 + -4 + 2 + k?
9
Let v(m) = -m**3 - 10*m**2 + 10*m - 11. Let p be v(-11). Let s(g) be the first derivative of g**3/3 + g**2 + 35*g + 3. What is the units digit of s(p)?
5
Suppose 6 = -2*f, -5*r + 2*f + 9 = 4*f. Suppose r*u - 68 = 10. What is the tens digit of u?
2
Suppose -68*y = -64*y + 468. Let w = y + 339. What is the hundreds digit of w?
2
Suppose 0 = i + 4*h - 440, 6*h - 4*h = i - 434. What is the units digit of i?
6
Let m(r) = 2*r**3 - 5*r**2 - 2*r - 10. Let d be m(6). Let t = d - 118. What is the tens digit of t?
1
Let i(n) = n**2 - 16. Let y be i(4). Suppose y = 5*t - 219 - 31. What is the tens digit of t?
5
Suppose 0 = 99*b - 103*b + 12904. What is the units digit of b?
6
Let s(t) be the first derivative of t**4/4 - 10*t**3/3 + t**2/2 - 7*t - 2. Let n be s(10). Suppose n = v - 2. What is the units digit of v?
5
Suppose 16*p = -136*p + 401736. What is the thousands digit of p?
2
Let w(j) = 2*j + 10. Let s be w(-5). Suppose -20 = -4*h - s*h. Let m(l) = -l**2 + 5*l + 2. What is the units digit of m(h)?
2
Let d(r) = r + 160. Let f be d(0). Let n = f - 112. What is the tens digit of n?
4
Suppose -3*z - p + 272 = -939, 2*z + p - 806 = 0. What is the tens digit of z?
0
Let a = -19 + 23. What is the units digit of (2 + 2)/(a/126)?
6
Let i = 233 - 460. Let w = -159 - i. Suppose -j - q = -6*q - 35, 4*j - w = -4*q. What is the tens digit of j?
2
Let u(z) = 110*z**3 + 1. Let p be u(1). Let f = p - 64. What is the tens digit of f?
4
Suppose -2*j = -2, -4*j = -3*w + j - 5. Suppose w = -4*h + h. What is the tens digit of 31/(1*(1 - h))?
3
Suppose 49*v = 14*v + 188965. What is the tens digit of v?
9
Suppose -7*f + 0*f + 10486 = 0. What is the units digit of f?
8
Let j(m) = 9*m**2 - 4*m + 6. Let o(d) = -10*d**2 + 5*d - 7. Let y(n) = 5*j(n) + 4*o(n). What is the units digit of y(4)?
2
Let b(p) = 5*p**2 - 7*p + 346. What is the thousands digit of b(-30)?
5
Let q = 2 + 1. Suppose -w = -q*o + 6, -17 + 5 = -4*w. Suppose i - 28 - 44 = -3*c, -4*i = -o*c + 87. What is the tens digit of c?
2
Suppose 12834 = 21*h + 1809. What is the hundreds digit of h?
5
Let l = -49 - -89. Let t be ((-2)/(-3))/(9/351). Let f = l - t. What is the tens digit of f?
1
Suppose -2*t + 4*c + 25 = 177, 3*t = -3*c - 210. Let p = -44 - t. Let g = p + -18. What is the units digit of g?
0
Let n = 3064 - 410. What is the hundreds digit of n?
6
Suppose 2*l = -3*i + 5 - 3, 0 = i + l - 1. Suppose 3*a + i*b - 40 = -4*b, 2*a - 4*b = 0. Suppose a = t - 2. What is the tens digit of t?
1
Let i(j) = -j**3 - 6*j**2 + 6*j - 4. Let w be i(-7). Suppose -3*d + 144 = w*a - 5*d, 5*d + 15 = 0. What is the units digit of a?
6
Let q(j) = -4*j - 24. Let i be q(-5). Let p(a) = -1 + 1 + 6*a + 2*a**2 + 2. What is the tens digit of p(i)?
1
What is the units digit of (-8066)/(-9) - 32/144?
6
Let t = -18 + 20. Let q(n) = 4*n + 0*n**t + 0*n**2 + 2*n**2 - 6 + 0*n. What is the tens digit of q(-6)?
4
Suppose -30*t + 2966 = -28*t - 3*b, -3*t + 5*b + 4449 = 0. What is the units digit of t?
3
Suppose -2*k - 4233 = -3*u, 112*u - 116*u + 4*k = -5640. What is the hundreds digit of u?
4
Let c(b) = -b + 7. Let g be c(5). Suppose -2*o - 20 = -y, -y + 2*o = g*y - 76. What is the units digit of (-4)/y - (-197)/7?
8
What is the hundreds digit of 1446/(8*7/112)?
8
Let d(r) = r**3 + 5*r**2 - r + 4. Let v be d(-6). Let l be (0 + -4)*13/v. What is the units digit of 60/(-16)*-2*l?
5
Let i(j) = -j**2 - 14*j - 14. Let l be (-4)/((-2)/(-1)) - 7. What is the tens digit of i(l)?
3
Let u(y) = y**2 + y + 8. Suppose 5*a = -0*f - 4*f + 31, 3*f = 5*a + 32. What is the units digit of u(f)?
8
Let j be (-8 - 73)*(-1)/3. Let l be (0 - (-2)/4)*0. Suppose l = 3*p - 39 - j. What is the tens digit of p?
2
Suppose 0 = 2*p + 4*m - 2932, -69*p + 74*p = -2*m + 7298. What is the tens digit of p?
5
Let f = 69 - 32. Suppose -3*z - f = -127. What is the tens digit of z?
3
Let h be ((-50)/15)/(2/(-3)). Suppose -h = -4*v - c + 4, -v = -c - 6. Suppose v*k - 26 = 64. What is the units digit of k?
0
Let z(p) = -p**2 + 18*p - 28. Let w be z(16). Suppose 0 = -w*u + 206 + 330. What is the hundreds digit of u?
1
Suppose -3*c = -14*c + 44. Suppose 3*m + 5*t + 196 = c*m, -2*t + 452 = 2*m. What is the hundreds digit of m?
2
Let k(q) = q**2 - 5*q - 10. Let l be k(7). Suppose 6*r = l*r. Suppose r = -0*o + 3*o - 84. What is the units digit of o?
8
Suppose 0 = -0*w + 7*w - 14. Suppose -w*q + 1 = -2*y - 13, 0 = 5*q + y - 23. What is the units digit of q?
5
Let x(n) = 9*n + 5. Let t(o) = -3*o. Let p(r) = 3*t(r) + 3*x(r). What is the tens digit of p(6)?
2
Let b = -10 - -20. Let j(d) = -3*d - 13. Let y(z) = 7*z + 26. Let n(o) = -5*j(o) - 2*y(o). What is the tens digit of n(b)?
2
What is the units digit of (3 - (-482 + 2))*1?
3
Let v = 41 - 68. Let u = v + 33. What is the units digit of u?
6
Suppose -8 = -4*w, -3*d = -0*d + 4*w - 17. Suppose -d*m = -3*t + 9, 3*t = 2*m + 2 + 4. Suppose 5*c - 43 - 167 = t. What is the units digit of c?
2
Suppose 44 + 32 = -4*u. Let n = -11 - u. What is the units digit of n?
8
Suppose -40 = 2*m + 3*m. Let v(i) = -i**3 - 7*i**2 + 8*i + 10. Let r be v(m). What is the units digit of 24/(-40) + 86/r?
8
Let b(c) = 2*c**2 - 18*c + 20. Let i(w) = 2*w**2 + 4*w + 6. Let l be i(-3). What is the units digit of b(l)?
2
Let n(a) = a - 9. Let w be n(9). Suppose w*r = 2*r + 32. What is the units digit of 148/16 - 12/r?
0
Suppose 0 = c + 14*c - 19770. What is the tens digit of c?
1
Suppose -5*b - 4*g + 40 = 0, 0*b - 3 = 3*b - 3*g. Suppose 0 = -4*f - s + 553, 4*s - 689 + 121 = -b*f. What is the tens digit of f?
3
Suppose -34*m - 17 - 323 = 0. Let k(x) = -x**3 + 5*x**2 + 5*x - 3. Let s be k(5). Let l = m + s. What is the units digit of l?
2
Let v(t) = 3*t**2 - 8*t + 1. Let o be v(6). Suppose h = -9 + o. Suppose h = 8*k - 6*k. What is the units digit of k?
6
Let a be 85/25 - 6/(-10). Suppose a = g + g. Suppose -17 = -3*c + 3*r + 25, 0 = -3*c - g*r + 42. What is the tens digit of c?
1
Suppose r - 2452 = 5*s, -5*r + 9*r - 9792 = 4*s. What is the thousands digit of r?
2
Suppose 13 = -2*b + 39. Suppose -17*u + b*u = -220. What is the tens digit of u?
5
Suppose 2*s - 73 = 47. What is the units digit of s?
0
Let q(i) = -i**3 + 4*i**2 - 4*i + 1. Let d be q(2). What is the tens digit of (d/(2/39))/((-9)/(-12))?
2
Let l(r) = 48 - 21*r + 20 + 15*r - 24*r. What is the units digit of l(-6)?
8
Let j(u) = -u**3 - 11*u**2 + 60. What is the units digit of j(0)?
0
Let g = -18 + 22. Let l be (16/g + -8)/(-1). Suppose 5*v - 14 = -l*d, 3*v + 2*d - 5*d = 3. What is the units digit of v?
2
Let h be (-22)/(-6) - (6/9)/(-2). Let u(v) = 7*v**2 - 5. Let d(t) = -t**2 + t. Let n(o) = 6*d(o) + u(o). What is the units digit of n(h)?
5
Let v(u) = -8*u + 6. Let d be v(2). Let s(n) = 33*n 